e highest common factor of 43945 and 3918860?
2585
What is the highest common factor of 3443 and 1534013?
313
What is the highest common factor of 955377810 and 10?
10
What is the greatest common divisor of 12 and 14115116?
4
Calculate the greatest common factor of 556794 and 1050.
42
Calculate the greatest common divisor of 437074 and 2354.
22
What is the highest common factor of 174 and 1021670?
58
Calculate the greatest common factor of 399232 and 5504.
128
Calculate the highest common divisor of 316 and 4143.
1
Calculate the highest common factor of 2494 and 9205876.
58
What is the greatest common factor of 605601 and 9?
9
What is the highest common factor of 138 and 71696589?
69
Calculate the highest common divisor of 7918719 and 102.
51
What is the greatest common factor of 2467005 and 88509?
489
What is the greatest common factor of 489017 and 1800851?
1669
Calculate the highest common divisor of 4890 and 913980.
30
What is the greatest common divisor of 1153 and 24281027?
1153
What is the highest common divisor of 54 and 562512?
6
What is the highest common factor of 9218 and 7318907640?
9218
Calculate the greatest common factor of 342571425 and 83265.
6405
What is the greatest common factor of 289690 and 65490?
590
What is the highest common factor of 54380262 and 1674?
186
What is the greatest common divisor of 26 and 379017444?
26
What is the greatest common factor of 50457078 and 68103?
1449
Calculate the greatest common factor of 1159193 and 60270.
2009
What is the greatest common factor of 834267 and 1281?
21
Calculate the greatest common factor of 21383112 and 6.
6
What is the greatest common divisor of 1175 and 34040455?
235
Calculate the greatest common factor of 4878709 and 814.
407
What is the greatest common divisor of 731315 and 1105?
65
What is the greatest common factor of 22 and 344677058?
22
What is the highest common factor of 24325 and 38654371?
973
What is the greatest common factor of 124 and 129852056?
124
What is the highest common divisor of 1819 and 1386934?
107
What is the highest common factor of 3101120 and 54560?
1760
What is the greatest common divisor of 455 and 1042391?
7
What is the greatest common divisor of 14805885 and 39250?
785
Calculate the greatest common divisor of 222211 and 3674.
11
Calculate the greatest common factor of 30 and 338166990.
30
What is the greatest common factor of 258439 and 4742?
2371
Calculate the highest common divisor of 23 and 3280007.
23
Calculate the greatest common divisor of 69387972 and 667252.
6236
What is the greatest common divisor of 3413826 and 1458?
162
What is the greatest common factor of 85 and 448890049?
17
Calculate the greatest common factor of 5674208 and 12.
4
What is the greatest common factor of 775 and 25344980?
155
What is the greatest common factor of 526 and 91334?
2
What is the highest common divisor of 1653966 and 918?
54
What is the highest common factor of 3064 and 282848564?
1532
Calculate the highest common factor of 4222016 and 75440.
656
Calculate the greatest common factor of 61035 and 5940.
15
What is the greatest common divisor of 211225 and 476?
119
Calculate the greatest common factor of 10414 and 293950771.
5207
Calculate the highest common divisor of 240 and 9143850.
30
Calculate the greatest common factor of 25259000 and 440.
40
What is the highest common factor of 140 and 54613370?
70
What is the greatest common factor of 1239 and 3076850?
413
What is the highest common factor of 74457 and 213?
3
Calculate the greatest common divisor of 217 and 5408872.
7
Calculate the greatest common factor of 7126390 and 190.
10
What is the greatest common factor of 2531424 and 1344?
672
What is the greatest common factor of 47988 and 19863033?
3999
What is the highest common divisor of 6300824 and 1136?
568
What is the highest common divisor of 9948 and 512535882?
4974
What is the greatest common divisor of 6912 and 1119798?
54
What is the greatest common divisor of 41 and 6118512?
41
Calculate the greatest common factor of 113405 and 136699.
613
Calculate the greatest common factor of 4338666 and 2412.
18
What is the greatest common divisor of 2407475 and 2765?
35
What is the highest common divisor of 8605677 and 19847?
89
Calculate the highest common factor of 1630 and 18773525.
815
What is the highest common divisor of 6555507 and 15384?
1923
What is the highest common factor of 13 and 27003392?
13
What is the highest common factor of 7900 and 10943475?
1975
What is the highest common divisor of 170365 and 12545?
65
Calculate the greatest common divisor of 26100 and 5800.
2900
What is the highest common divisor of 24911902 and 272?
34
Calculate the highest common factor of 14 and 253823122.
14
Calculate the highest common divisor of 261 and 12666504.
87
What is the highest common divisor of 22710056 and 5918?
538
What is the greatest common factor of 3808 and 955427200?
3808
What is the greatest common factor of 2350064 and 1910?
382
Calculate the greatest common divisor of 16467 and 23298.
33
What is the greatest common factor of 896 and 1476496?
112
Calculate the highest common factor of 322 and 2817052.
14
What is the highest common factor of 3076150 and 64719?
799
Calculate the greatest common factor of 13032 and 35352.
72
Calculate the greatest common divisor of 2169656 and 240.
8
Calculate the highest common factor of 502469 and 33.
11
Calculate the greatest common divisor of 43 and 534686.
1
Calculate the greatest common divisor of 5607511 and 1274.
637
Calculate the greatest common factor of 16 and 3703192.
8
Calculate the highest common factor of 2 and 4367824.
2
What is the highest common divisor of 13288 and 311432?
88
What is the highest common factor of 10157 and 721097666?
1451
Calculate the highest common divisor of 109186722 and 36.
18
Calculate the greatest common factor of 3504 and 131654478.
438
Calculate the greatest common divisor of 310 and 24363110.
10
What is the greatest common factor of 98243978 and 1022?
14
What is the highest common factor of 4 and 301648?
4
Calculate the greatest common divisor of 64 and 18132152.
8
What is the greatest common divisor of 26 and 172311763?
13
Calculate the highest common divisor of 36962168 and 721.
103
Calculate the greatest common divisor of 26336120 and 56.
8
Calculate the greatest common factor of 98346033 and 1368.
171
Calculate the greatest common factor of 2849 and 50224207.
407
What is the greatest common factor of 656817 and 1547?
7
Calculate the highest common divisor of 2316 and 3137601.
579
Calculate the greatest common divisor of 1825586 and 10206.
14
Calculate the greatest common divisor of 7893 and 1019074.
877
What is the greatest common divisor of 324043895 and 105?
35
Calculate the highest common divisor of 7010895650 and 1150.
1150
What is the highest common factor of 45995366 and 34706?
4958
Calculate the highest common divisor of 3395389 and 13231.
131
Calculate the greatest common divisor of 1094229 and 229140.
171
Calculate the greatest common divisor of 89535 and 422529.
381
Calculate the highest common factor of 75 and 9883275.
75
Calculate the highest common factor of 244948 and 4923572.
1172
What is the greatest common factor of 33911352 and 32832?
4104
Calculate the highest common divisor of 149171 and 117008.
71
What is the highest common divisor of 6831 and 43128243?
207
What is the greatest common factor of 3296584 and 164?
4
What is the highest common factor of 4064 and 1198499?
127
What is the highest common factor of 457672 and 595992?
152
What is the greatest common factor of 1154 and 7522349?
577
What is the greatest common factor of 5727030 and 24?
6
What is the highest common factor of 6690 and 14698822?
446
Calculate the highest common divisor of 255716715 and 8055.
2685
What is the highest common divisor of 1872 and 420186?
78
What is the highest common divisor of 94750 and 722000?
250
Calculate the highest common divisor of 2141708 and 618048.
4292
What is the highest common factor of 5005963 and 5105?
1021
What is the greatest common factor of 675 and 46263?
3
Calculate the highest common divisor of 1110 and 1336514.
74
Calculate the highest common factor of 2283719713 and 109.
109
Calculate the highest common factor of 1374 and 177717